{"id":112,"date":"2020-04-14T09:51:37","date_gmt":"2020-04-14T07:51:37","guid":{"rendered":"http:\/\/cafedelespace.com\/?page_id=112"},"modified":"2026-01-07T18:08:10","modified_gmt":"2026-01-07T17:08:10","slug":"pro-asso","status":"publish","type":"page","link":"https:\/\/cafedelespace.com\/index.php\/pro-asso\/","title":{"rendered":"Pro\/Asso"},"content":{"rendered":"\t\t<div data-elementor-type=\"wp-page\" data-elementor-id=\"112\" class=\"elementor elementor-112\">\n\t\t\t\t\t\t<section class=\"elementor-section elementor-top-section elementor-element elementor-element-33e60e6 elementor-section-boxed elementor-section-height-default elementor-section-height-default\" data-id=\"33e60e6\" data-element_type=\"section\" data-e-type=\"section\">\n\t\t\t\t\t\t<div class=\"elementor-container elementor-column-gap-default\">\n\t\t\t\t\t<div class=\"elementor-column elementor-col-100 elementor-top-column elementor-element elementor-element-f42808d\" data-id=\"f42808d\" data-element_type=\"column\" data-e-type=\"column\">\n\t\t\t<div class=\"elementor-widget-wrap elementor-element-populated\">\n\t\t\t\t\t\t<div class=\"elementor-element elementor-element-906a7cc elementor-widget elementor-widget-text-editor\" data-id=\"906a7cc\" data-element_type=\"widget\" data-e-type=\"widget\" data-widget_type=\"text-editor.default\">\n\t\t\t\t<div class=\"elementor-widget-container\">\n\t\t\t\t\t\t\t\t\t<div class=\"elementor-element elementor-element-85658ca elementor-widget elementor-widget-text-editor\" data-id=\"85658ca\" data-element_type=\"widget\" data-widget_type=\"text-editor.default\">\n<div class=\"elementor-widget-container\">\n<div class=\"elementor-text-editor elementor-clearfix\">\n<p align=\"justify\">Apr\u00e8s 10 ann\u00e9es d\u2019existence et de constant d\u00e9veloppement, l\u2019EAAF est \u00e0 m\u00eame de vous aider dans la cr\u00e9ation et la gestion de vos associations&nbsp;: statuts, gouvernance, salariat, partenariats, comptabilit\u00e9 associative, subventions, etc.<\/p>\n<p>Nous pouvons \u00e9galement venir en soutien pour l\u2019organisation de vos \u00e9v\u00e8nements. Fort de plus de 100 animations par an depuis 3 ans, le Caf\u00e9 de l\u2019Espace propose son expertise sur l\u2019organisation d\u2019\u00e9v\u00e8nements, principalement autour des musiques actuelles&nbsp;: de la recherche de musiciens \u00e0 la technique de sc\u00e8ne en passant par les points juridiques et financiers. Le Caf\u00e9 de l&rsquo;Espace peut aussi accompagner les associations qui cherchent \u00e0 \u00e9laborer leur projet associatif.<br><span style=\"text-decoration: underline;\">Prestation technique et location de mat\u00e9riel possible.<\/span><\/p>\n<p style=\"text-align: center;\" align=\"justify\">Pour toute demande, n\u2019h\u00e9sitez pas \u00e0 contacter notre \u00e9quipe, nous nous ferons un plaisir de r\u00e9pondre au mieux \u00e0 vos besoins.<\/p>\n<\/div>\n<\/div>\n<\/div>\t\t\t\t\t\t\t\t<\/div>\n\t\t\t\t<\/div>\n\t\t\t\t\t<\/div>\n\t\t<\/div>\n\t\t\t\t\t<\/div>\n\t\t<\/section>\n\t\t\t\t<section class=\"elementor-section elementor-top-section elementor-element elementor-element-23a2a4d elementor-section-boxed elementor-section-height-default elementor-section-height-default\" data-id=\"23a2a4d\" data-element_type=\"section\" data-e-type=\"section\">\n\t\t\t\t\t\t<div class=\"elementor-container elementor-column-gap-default\">\n\t\t\t\t\t<div class=\"elementor-column elementor-col-100 elementor-top-column elementor-element elementor-element-59e937b\" data-id=\"59e937b\" data-element_type=\"column\" data-e-type=\"column\">\n\t\t\t<div class=\"elementor-widget-wrap elementor-element-populated\">\n\t\t\t\t\t\t<div class=\"elementor-element elementor-element-8fcfd2e elementor-widget elementor-widget-heading\" data-id=\"8fcfd2e\" data-element_type=\"widget\" data-e-type=\"widget\" data-widget_type=\"heading.default\">\n\t\t\t\t<div class=\"elementor-widget-container\">\n\t\t\t\t\t<h2 class=\"elementor-heading-title elementor-size-default\">Travailler avec nous ?<\/h2>\t\t\t\t<\/div>\n\t\t\t\t<\/div>\n\t\t\t\t<div class=\"elementor-element elementor-element-11d3bee elementor-widget elementor-widget-text-editor\" data-id=\"11d3bee\" data-element_type=\"widget\" data-e-type=\"widget\" data-widget_type=\"text-editor.default\">\n\t\t\t\t<div class=\"elementor-widget-container\">\n\t\t\t\t\t\t\t\t\t<section data-id=\"adc7d8d\" data-element_type=\"section\"><div><div><div data-id=\"0995b2a\" data-element_type=\"column\"><div><div><div data-id=\"06db0b5\" data-element_type=\"widget\" data-widget_type=\"text-editor.default\"><div><div><p align=\"justify\">Nous faisons partie de notre \u00e9cosyst\u00e8me \u00e9conomique local et nous tenons \u00e0 cet \u00e9cosyst\u00e8me\u00a0: le valoriser, le d\u00e9velopper, le p\u00e9renniser. Notre territoire rural est plein de richesses et au Caf\u00e9 de l\u2019Espace on souhaite les mettre en valeur. Le choix local est toujours prioritaire chez nous et nous sommes constamment \u00e0 la d\u00e9couverte des nouveaut\u00e9s de notre territoire.<\/p>Vous \u00eates brasseur de bi\u00e8re\u00a0? Mara\u00eecher\u00a0? Artisan\u00a0? Contactez-nous pour que l\u2019on d\u00e9couvre vos talents, vos produits ou vos prestations\u00a0! Nous sommes \u00e9galement toujours \u00e0 l\u2019\u00e9coute de vos propositions\u00a0: professeur.e.s de musique, de yoga, coiffeur.se, restaurateur.trice.s, \u2026 le Caf\u00e9 de l\u2019Espace peut mettre \u00e0 disposition ses espaces, de mani\u00e8re ponctuelle ou r\u00e9currente, pour que vous puissiez d\u00e9velopper votre activit\u00e9 sur notre commune\u00a0!<\/div><\/div><\/div><\/div><\/div><\/div><\/div><\/div><\/section><p>\u00a0<\/p>\t\t\t\t\t\t\t\t<\/div>\n\t\t\t\t<\/div>\n\t\t\t\t\t<\/div>\n\t\t<\/div>\n\t\t\t\t\t<\/div>\n\t\t<\/section>\n\t\t\t\t<section class=\"elementor-section elementor-top-section elementor-element elementor-element-dd22af0 elementor-section-boxed elementor-section-height-default elementor-section-height-default\" data-id=\"dd22af0\" data-element_type=\"section\" data-e-type=\"section\">\n\t\t\t\t\t\t<div class=\"elementor-container elementor-column-gap-default\">\n\t\t\t\t\t<div class=\"elementor-column elementor-col-100 elementor-top-column elementor-element elementor-element-9b87068\" data-id=\"9b87068\" data-element_type=\"column\" data-e-type=\"column\">\n\t\t\t<div class=\"elementor-widget-wrap elementor-element-populated\">\n\t\t\t\t\t\t<div class=\"elementor-element elementor-element-759744e elementor-widget elementor-widget-heading\" data-id=\"759744e\" data-element_type=\"widget\" data-e-type=\"widget\" data-widget_type=\"heading.default\">\n\t\t\t\t<div class=\"elementor-widget-container\">\n\t\t\t\t\t<h2 class=\"elementor-heading-title elementor-size-default\">Fiche technique<\/h2>\t\t\t\t<\/div>\n\t\t\t\t<\/div>\n\t\t\t\t<div class=\"elementor-element elementor-element-1c3d7b1 elementor-widget elementor-widget-image\" data-id=\"1c3d7b1\" data-element_type=\"widget\" data-e-type=\"widget\" data-widget_type=\"image.default\">\n\t\t\t\t<div class=\"elementor-widget-container\">\n\t\t\t\t\t\t\t\t\t\t\t\t\t\t\t<img fetchpriority=\"high\" decoding=\"async\" width=\"724\" height=\"1024\" src=\"https:\/\/cafedelespace.com\/wp-content\/uploads\/2026\/01\/Fiche-technique-Espace-11_12-2020-pdf-724x1024.jpg\" class=\"attachment-large size-large wp-image-2196\" alt=\"\" srcset=\"https:\/\/cafedelespace.com\/wp-content\/uploads\/2026\/01\/Fiche-technique-Espace-11_12-2020-pdf-724x1024.jpg 724w, https:\/\/cafedelespace.com\/wp-content\/uploads\/2026\/01\/Fiche-technique-Espace-11_12-2020-pdf-212x300.jpg 212w, https:\/\/cafedelespace.com\/wp-content\/uploads\/2026\/01\/Fiche-technique-Espace-11_12-2020-pdf-768x1087.jpg 768w, https:\/\/cafedelespace.com\/wp-content\/uploads\/2026\/01\/Fiche-technique-Espace-11_12-2020-pdf-42x60.jpg 42w, https:\/\/cafedelespace.com\/wp-content\/uploads\/2026\/01\/Fiche-technique-Espace-11_12-2020-pdf.jpg 1058w\" sizes=\"(max-width: 724px) 100vw, 724px\" \/>\t\t\t\t\t\t\t\t\t\t\t\t\t\t\t<\/div>\n\t\t\t\t<\/div>\n\t\t\t\t\t<\/div>\n\t\t<\/div>\n\t\t\t\t\t<\/div>\n\t\t<\/section>\n\t\t\t\t<\/div>\n\t\t","protected":false},"excerpt":{"rendered":"<p>Apr\u00e8s 10 ann\u00e9es d\u2019existence et de constant d\u00e9veloppement, l\u2019EAAF est \u00e0 m\u00eame de vous aider dans la cr\u00e9ation et la gestion de vos associations&nbsp;: statuts, gouvernance, salariat, partenariats, comptabilit\u00e9 associative, subventions, etc. Nous pouvons \u00e9galement venir en soutien pour l\u2019organisation de vos \u00e9v\u00e8nements. Fort de plus de 100 animations par an depuis 3 ans, le &hellip; <\/p>\n","protected":false},"author":2,"featured_media":0,"parent":0,"menu_order":0,"comment_status":"closed","ping_status":"closed","template":"","meta":{"footnotes":""},"class_list":["post-112","page","type-page","status-publish","hentry","latest_post"],"yoast_head":"<!-- This site is optimized with the Yoast SEO plugin v27.2 - https:\/\/yoast.com\/product\/yoast-seo-wordpress\/ -->\n<title>Pro\/Asso &#8212; Le Caf\u00e9 de l&#039;Espace<\/title>\n<meta name=\"robots\" content=\"index, follow, max-snippet:-1, max-image-preview:large, max-video-preview:-1\" \/>\n<link rel=\"canonical\" href=\"https:\/\/cafedelespace.com\/index.php\/pro-asso\/\" \/>\n<meta property=\"og:locale\" content=\"fr_FR\" \/>\n<meta property=\"og:type\" content=\"article\" \/>\n<meta property=\"og:title\" content=\"Pro\/Asso &#8212; Le Caf\u00e9 de l&#039;Espace\" \/>\n<meta property=\"og:description\" content=\"Apr\u00e8s 10 ann\u00e9es d\u2019existence et de constant d\u00e9veloppement, l\u2019EAAF est \u00e0 m\u00eame de vous aider dans la cr\u00e9ation et la gestion de vos associations&nbsp;: statuts, gouvernance, salariat, partenariats, comptabilit\u00e9 associative, subventions, etc. Nous pouvons \u00e9galement venir en soutien pour l\u2019organisation de vos \u00e9v\u00e8nements. Fort de plus de 100 animations par an depuis 3 ans, le &hellip;\" \/>\n<meta property=\"og:url\" content=\"https:\/\/cafedelespace.com\/index.php\/pro-asso\/\" \/>\n<meta property=\"og:site_name\" content=\"Le Caf\u00e9 de l&#039;Espace\" \/>\n<meta property=\"article:publisher\" content=\"https:\/\/www.facebook.com\/Cafe.de.lEspace\/\" \/>\n<meta property=\"article:modified_time\" content=\"2026-01-07T17:08:10+00:00\" \/>\n<meta property=\"og:image\" content=\"http:\/\/cafedelespace.com\/wp-content\/uploads\/2026\/01\/Fiche-technique-Espace-11_12-2020-pdf-724x1024.jpg\" \/>\n<meta name=\"twitter:card\" content=\"summary_large_image\" \/>\n<meta name=\"twitter:label1\" content=\"Dur\u00e9e de lecture estim\u00e9e\" \/>\n\t<meta name=\"twitter:data1\" content=\"1 minute\" \/>\n<script type=\"application\/ld+json\" class=\"yoast-schema-graph\">{\"@context\":\"https:\/\/schema.org\",\"@graph\":[{\"@type\":\"WebPage\",\"@id\":\"https:\/\/cafedelespace.com\/index.php\/pro-asso\/\",\"url\":\"https:\/\/cafedelespace.com\/index.php\/pro-asso\/\",\"name\":\"Pro\/Asso &#8212; Le Caf\u00e9 de l&#039;Espace\",\"isPartOf\":{\"@id\":\"https:\/\/cafedelespace.com\/#website\"},\"primaryImageOfPage\":{\"@id\":\"https:\/\/cafedelespace.com\/index.php\/pro-asso\/#primaryimage\"},\"image\":{\"@id\":\"https:\/\/cafedelespace.com\/index.php\/pro-asso\/#primaryimage\"},\"thumbnailUrl\":\"http:\/\/cafedelespace.com\/wp-content\/uploads\/2026\/01\/Fiche-technique-Espace-11_12-2020-pdf-724x1024.jpg\",\"datePublished\":\"2020-04-14T07:51:37+00:00\",\"dateModified\":\"2026-01-07T17:08:10+00:00\",\"breadcrumb\":{\"@id\":\"https:\/\/cafedelespace.com\/index.php\/pro-asso\/#breadcrumb\"},\"inLanguage\":\"fr-FR\",\"potentialAction\":[{\"@type\":\"ReadAction\",\"target\":[\"https:\/\/cafedelespace.com\/index.php\/pro-asso\/\"]}]},{\"@type\":\"ImageObject\",\"inLanguage\":\"fr-FR\",\"@id\":\"https:\/\/cafedelespace.com\/index.php\/pro-asso\/#primaryimage\",\"url\":\"https:\/\/cafedelespace.com\/wp-content\/uploads\/2026\/01\/Fiche-technique-Espace-11_12-2020-pdf.jpg\",\"contentUrl\":\"https:\/\/cafedelespace.com\/wp-content\/uploads\/2026\/01\/Fiche-technique-Espace-11_12-2020-pdf.jpg\",\"width\":1058,\"height\":1497},{\"@type\":\"BreadcrumbList\",\"@id\":\"https:\/\/cafedelespace.com\/index.php\/pro-asso\/#breadcrumb\",\"itemListElement\":[{\"@type\":\"ListItem\",\"position\":1,\"name\":\"Accueil\",\"item\":\"https:\/\/cafedelespace.com\/\"},{\"@type\":\"ListItem\",\"position\":2,\"name\":\"Pro\/Asso\"}]},{\"@type\":\"WebSite\",\"@id\":\"https:\/\/cafedelespace.com\/#website\",\"url\":\"https:\/\/cafedelespace.com\/\",\"name\":\"Le Caf\u00e9 de l Espace - Espace Associatif Alain Fauriaux\",\"description\":\"Espace Associatif Alain Fauriaux\",\"publisher\":{\"@id\":\"https:\/\/cafedelespace.com\/#organization\"},\"potentialAction\":[{\"@type\":\"SearchAction\",\"target\":{\"@type\":\"EntryPoint\",\"urlTemplate\":\"https:\/\/cafedelespace.com\/?s={search_term_string}\"},\"query-input\":{\"@type\":\"PropertyValueSpecification\",\"valueRequired\":true,\"valueName\":\"search_term_string\"}}],\"inLanguage\":\"fr-FR\"},{\"@type\":\"Organization\",\"@id\":\"https:\/\/cafedelespace.com\/#organization\",\"name\":\"Caf\u00e9 de l'Espace\",\"url\":\"https:\/\/cafedelespace.com\/\",\"logo\":{\"@type\":\"ImageObject\",\"inLanguage\":\"fr-FR\",\"@id\":\"https:\/\/cafedelespace.com\/#\/schema\/logo\/image\/\",\"url\":\"https:\/\/cafedelespace.com\/wp-content\/uploads\/2020\/04\/logo-peinture.png\",\"contentUrl\":\"https:\/\/cafedelespace.com\/wp-content\/uploads\/2020\/04\/logo-peinture.png\",\"width\":500,\"height\":500,\"caption\":\"Caf\u00e9 de l'Espace\"},\"image\":{\"@id\":\"https:\/\/cafedelespace.com\/#\/schema\/logo\/image\/\"},\"sameAs\":[\"https:\/\/www.facebook.com\/Cafe.de.lEspace\/\"]}]}<\/script>\n<!-- \/ Yoast SEO plugin. -->","yoast_head_json":{"title":"Pro\/Asso &#8212; Le Caf\u00e9 de l&#039;Espace","robots":{"index":"index","follow":"follow","max-snippet":"max-snippet:-1","max-image-preview":"max-image-preview:large","max-video-preview":"max-video-preview:-1"},"canonical":"https:\/\/cafedelespace.com\/index.php\/pro-asso\/","og_locale":"fr_FR","og_type":"article","og_title":"Pro\/Asso &#8212; Le Caf\u00e9 de l&#039;Espace","og_description":"Apr\u00e8s 10 ann\u00e9es d\u2019existence et de constant d\u00e9veloppement, l\u2019EAAF est \u00e0 m\u00eame de vous aider dans la cr\u00e9ation et la gestion de vos associations&nbsp;: statuts, gouvernance, salariat, partenariats, comptabilit\u00e9 associative, subventions, etc. Nous pouvons \u00e9galement venir en soutien pour l\u2019organisation de vos \u00e9v\u00e8nements. Fort de plus de 100 animations par an depuis 3 ans, le &hellip;","og_url":"https:\/\/cafedelespace.com\/index.php\/pro-asso\/","og_site_name":"Le Caf\u00e9 de l&#039;Espace","article_publisher":"https:\/\/www.facebook.com\/Cafe.de.lEspace\/","article_modified_time":"2026-01-07T17:08:10+00:00","og_image":[{"url":"http:\/\/cafedelespace.com\/wp-content\/uploads\/2026\/01\/Fiche-technique-Espace-11_12-2020-pdf-724x1024.jpg","type":"","width":"","height":""}],"twitter_card":"summary_large_image","twitter_misc":{"Dur\u00e9e de lecture estim\u00e9e":"1 minute"},"schema":{"@context":"https:\/\/schema.org","@graph":[{"@type":"WebPage","@id":"https:\/\/cafedelespace.com\/index.php\/pro-asso\/","url":"https:\/\/cafedelespace.com\/index.php\/pro-asso\/","name":"Pro\/Asso &#8212; Le Caf\u00e9 de l&#039;Espace","isPartOf":{"@id":"https:\/\/cafedelespace.com\/#website"},"primaryImageOfPage":{"@id":"https:\/\/cafedelespace.com\/index.php\/pro-asso\/#primaryimage"},"image":{"@id":"https:\/\/cafedelespace.com\/index.php\/pro-asso\/#primaryimage"},"thumbnailUrl":"http:\/\/cafedelespace.com\/wp-content\/uploads\/2026\/01\/Fiche-technique-Espace-11_12-2020-pdf-724x1024.jpg","datePublished":"2020-04-14T07:51:37+00:00","dateModified":"2026-01-07T17:08:10+00:00","breadcrumb":{"@id":"https:\/\/cafedelespace.com\/index.php\/pro-asso\/#breadcrumb"},"inLanguage":"fr-FR","potentialAction":[{"@type":"ReadAction","target":["https:\/\/cafedelespace.com\/index.php\/pro-asso\/"]}]},{"@type":"ImageObject","inLanguage":"fr-FR","@id":"https:\/\/cafedelespace.com\/index.php\/pro-asso\/#primaryimage","url":"https:\/\/cafedelespace.com\/wp-content\/uploads\/2026\/01\/Fiche-technique-Espace-11_12-2020-pdf.jpg","contentUrl":"https:\/\/cafedelespace.com\/wp-content\/uploads\/2026\/01\/Fiche-technique-Espace-11_12-2020-pdf.jpg","width":1058,"height":1497},{"@type":"BreadcrumbList","@id":"https:\/\/cafedelespace.com\/index.php\/pro-asso\/#breadcrumb","itemListElement":[{"@type":"ListItem","position":1,"name":"Accueil","item":"https:\/\/cafedelespace.com\/"},{"@type":"ListItem","position":2,"name":"Pro\/Asso"}]},{"@type":"WebSite","@id":"https:\/\/cafedelespace.com\/#website","url":"https:\/\/cafedelespace.com\/","name":"Le Caf\u00e9 de l Espace - Espace Associatif Alain Fauriaux","description":"Espace Associatif Alain Fauriaux","publisher":{"@id":"https:\/\/cafedelespace.com\/#organization"},"potentialAction":[{"@type":"SearchAction","target":{"@type":"EntryPoint","urlTemplate":"https:\/\/cafedelespace.com\/?s={search_term_string}"},"query-input":{"@type":"PropertyValueSpecification","valueRequired":true,"valueName":"search_term_string"}}],"inLanguage":"fr-FR"},{"@type":"Organization","@id":"https:\/\/cafedelespace.com\/#organization","name":"Caf\u00e9 de l'Espace","url":"https:\/\/cafedelespace.com\/","logo":{"@type":"ImageObject","inLanguage":"fr-FR","@id":"https:\/\/cafedelespace.com\/#\/schema\/logo\/image\/","url":"https:\/\/cafedelespace.com\/wp-content\/uploads\/2020\/04\/logo-peinture.png","contentUrl":"https:\/\/cafedelespace.com\/wp-content\/uploads\/2020\/04\/logo-peinture.png","width":500,"height":500,"caption":"Caf\u00e9 de l'Espace"},"image":{"@id":"https:\/\/cafedelespace.com\/#\/schema\/logo\/image\/"},"sameAs":["https:\/\/www.facebook.com\/Cafe.de.lEspace\/"]}]}},"_links":{"self":[{"href":"https:\/\/cafedelespace.com\/index.php\/wp-json\/wp\/v2\/pages\/112","targetHints":{"allow":["GET"]}}],"collection":[{"href":"https:\/\/cafedelespace.com\/index.php\/wp-json\/wp\/v2\/pages"}],"about":[{"href":"https:\/\/cafedelespace.com\/index.php\/wp-json\/wp\/v2\/types\/page"}],"author":[{"embeddable":true,"href":"https:\/\/cafedelespace.com\/index.php\/wp-json\/wp\/v2\/users\/2"}],"replies":[{"embeddable":true,"href":"https:\/\/cafedelespace.com\/index.php\/wp-json\/wp\/v2\/comments?post=112"}],"version-history":[{"count":15,"href":"https:\/\/cafedelespace.com\/index.php\/wp-json\/wp\/v2\/pages\/112\/revisions"}],"predecessor-version":[{"id":2199,"href":"https:\/\/cafedelespace.com\/index.php\/wp-json\/wp\/v2\/pages\/112\/revisions\/2199"}],"wp:attachment":[{"href":"https:\/\/cafedelespace.com\/index.php\/wp-json\/wp\/v2\/media?parent=112"}],"curies":[{"name":"wp","href":"https:\/\/api.w.org\/{rel}","templated":true}]}}