{"id":108,"date":"2020-04-14T09:50:52","date_gmt":"2020-04-14T07:50:52","guid":{"rendered":"http:\/\/cafedelespace.com\/?page_id=108"},"modified":"2020-09-10T11:17:35","modified_gmt":"2020-09-10T09:17:35","slug":"aide-a-la-vie-associative","status":"publish","type":"page","link":"https:\/\/cafedelespace.com\/index.php\/pro-asso\/aide-a-la-vie-associative\/","title":{"rendered":"Aide \u00e0 la vie associative"},"content":{"rendered":"\t\t<div data-elementor-type=\"wp-page\" data-elementor-id=\"108\" class=\"elementor elementor-108\">\n\t\t\t\t\t\t<section class=\"elementor-section elementor-top-section elementor-element elementor-element-6a0d142 elementor-section-boxed elementor-section-height-default elementor-section-height-default\" data-id=\"6a0d142\" data-element_type=\"section\" data-e-type=\"section\">\n\t\t\t\t\t\t<div class=\"elementor-container elementor-column-gap-default\">\n\t\t\t\t\t<div class=\"elementor-column elementor-col-100 elementor-top-column elementor-element elementor-element-167029c\" data-id=\"167029c\" data-element_type=\"column\" data-e-type=\"column\">\n\t\t\t<div class=\"elementor-widget-wrap elementor-element-populated\">\n\t\t\t\t\t\t<div class=\"elementor-element elementor-element-85658ca elementor-widget elementor-widget-text-editor\" data-id=\"85658ca\" data-element_type=\"widget\" data-e-type=\"widget\" data-widget_type=\"text-editor.default\">\n\t\t\t\t<div class=\"elementor-widget-container\">\n\t\t\t\t\t\t\t\t\t<p align=\"justify\">Apr\u00e8s 10 ann\u00e9es d\u2019existence et de constant d\u00e9veloppement, l\u2019EAAF est \u00e0 m\u00eame de vous aider dans la cr\u00e9ation et la gestion de vos associations\u00a0: statuts, gouvernance, salariat, partenariats, comptabilit\u00e9 associative, subventions, etc.<\/p><p>\u00a0<\/p><p align=\"justify\">Nous pouvons \u00e9galement venir en soutien pour l\u2019organisation de vos \u00e9v\u00e8nements. Fort de plus de 100 animations par an depuis 3 ans, le Caf\u00e9 de l\u2019Espace propose son expertise sur l\u2019organisation d\u2019\u00e9v\u00e8nements, principalement autour des musiques actuelles\u00a0: de la recherche de musiciens \u00e0 la technique de sc\u00e8ne en passant par les points juridiques et financiers.<br \/><span style=\"text-decoration: underline;\">Prestation technique et location de mat\u00e9riel possible.<\/span><\/p><p style=\"text-align: center;\" align=\"justify\">Pour toute demande, n\u2019h\u00e9sitez pas \u00e0 contacter notre \u00e9quipe, nous nous ferons un plaisir de r\u00e9pondre au mieux \u00e0 vos besoins.<\/p>\t\t\t\t\t\t\t\t<\/div>\n\t\t\t\t<\/div>\n\t\t\t\t<div class=\"elementor-element elementor-element-21ca1ca elementor-button-warning elementor-align-center elementor-widget elementor-widget-button\" data-id=\"21ca1ca\" data-element_type=\"widget\" data-e-type=\"widget\" data-widget_type=\"button.default\">\n\t\t\t\t<div class=\"elementor-widget-container\">\n\t\t\t\t\t\t\t\t\t<div class=\"elementor-button-wrapper\">\n\t\t\t\t\t<a class=\"elementor-button elementor-button-link elementor-size-xl\" href=\"http:\/\/eaaf@orange.fr\">\n\t\t\t\t\t\t<span class=\"elementor-button-content-wrapper\">\n\t\t\t\t\t\t\t\t\t<span class=\"elementor-button-text\">Cliquez ici pour contacter notre \u00e9quipe.<\/span>\n\t\t\t\t\t<\/span>\n\t\t\t\t\t<\/a>\n\t\t\t\t<\/div>\n\t\t\t\t\t\t\t\t<\/div>\n\t\t\t\t<\/div>\n\t\t\t\t\t<\/div>\n\t\t<\/div>\n\t\t\t\t\t<\/div>\n\t\t<\/section>\n\t\t\t\t<\/div>\n\t\t","protected":false},"excerpt":{"rendered":"<p>Apr\u00e8s 10 ann\u00e9es d\u2019existence et de constant d\u00e9veloppement, l\u2019EAAF est \u00e0 m\u00eame de vous aider dans la cr\u00e9ation et la gestion de vos associations\u00a0: statuts, gouvernance, salariat, partenariats, comptabilit\u00e9 associative, subventions, etc. \u00a0 Nous pouvons \u00e9galement venir en soutien pour l\u2019organisation de vos \u00e9v\u00e8nements. Fort de plus de 100 animations par an depuis 3 ans, &hellip; <\/p>\n","protected":false},"author":2,"featured_media":0,"parent":112,"menu_order":0,"comment_status":"closed","ping_status":"closed","template":"","meta":{"footnotes":""},"class_list":["post-108","page","type-page","status-publish","hentry","latest_post"],"yoast_head":"<!-- This site is optimized with the Yoast SEO plugin v27.2 - https:\/\/yoast.com\/product\/yoast-seo-wordpress\/ -->\n<title>Aide \u00e0 la vie associative &#8212; Le Caf\u00e9 de l&#039;Espace<\/title>\n<meta name=\"robots\" content=\"index, follow, max-snippet:-1, max-image-preview:large, max-video-preview:-1\" \/>\n<link rel=\"canonical\" href=\"https:\/\/cafedelespace.com\/index.php\/pro-asso\/aide-a-la-vie-associative\/\" \/>\n<meta property=\"og:locale\" content=\"fr_FR\" \/>\n<meta property=\"og:type\" content=\"article\" \/>\n<meta property=\"og:title\" content=\"Aide \u00e0 la vie associative &#8212; Le Caf\u00e9 de l&#039;Espace\" \/>\n<meta property=\"og:description\" content=\"Apr\u00e8s 10 ann\u00e9es d\u2019existence et de constant d\u00e9veloppement, l\u2019EAAF est \u00e0 m\u00eame de vous aider dans la cr\u00e9ation et la gestion de vos associations\u00a0: statuts, gouvernance, salariat, partenariats, comptabilit\u00e9 associative, subventions, etc. \u00a0 Nous pouvons \u00e9galement venir en soutien pour l\u2019organisation de vos \u00e9v\u00e8nements. Fort de plus de 100 animations par an depuis 3 ans, &hellip;\" \/>\n<meta property=\"og:url\" content=\"https:\/\/cafedelespace.com\/index.php\/pro-asso\/aide-a-la-vie-associative\/\" \/>\n<meta property=\"og:site_name\" content=\"Le Caf\u00e9 de l&#039;Espace\" \/>\n<meta property=\"article:publisher\" content=\"https:\/\/www.facebook.com\/Cafe.de.lEspace\/\" \/>\n<meta property=\"article:modified_time\" content=\"2020-09-10T09:17:35+00:00\" \/>\n<meta name=\"twitter:card\" content=\"summary_large_image\" \/>\n<meta name=\"twitter:label1\" content=\"Dur\u00e9e de lecture estim\u00e9e\" \/>\n\t<meta name=\"twitter:data1\" content=\"1 minute\" \/>\n<script type=\"application\/ld+json\" class=\"yoast-schema-graph\">{\"@context\":\"https:\/\/schema.org\",\"@graph\":[{\"@type\":\"WebPage\",\"@id\":\"https:\/\/cafedelespace.com\/index.php\/pro-asso\/aide-a-la-vie-associative\/\",\"url\":\"https:\/\/cafedelespace.com\/index.php\/pro-asso\/aide-a-la-vie-associative\/\",\"name\":\"Aide \u00e0 la vie associative &#8212; Le Caf\u00e9 de l&#039;Espace\",\"isPartOf\":{\"@id\":\"https:\/\/cafedelespace.com\/#website\"},\"datePublished\":\"2020-04-14T07:50:52+00:00\",\"dateModified\":\"2020-09-10T09:17:35+00:00\",\"breadcrumb\":{\"@id\":\"https:\/\/cafedelespace.com\/index.php\/pro-asso\/aide-a-la-vie-associative\/#breadcrumb\"},\"inLanguage\":\"fr-FR\",\"potentialAction\":[{\"@type\":\"ReadAction\",\"target\":[\"https:\/\/cafedelespace.com\/index.php\/pro-asso\/aide-a-la-vie-associative\/\"]}]},{\"@type\":\"BreadcrumbList\",\"@id\":\"https:\/\/cafedelespace.com\/index.php\/pro-asso\/aide-a-la-vie-associative\/#breadcrumb\",\"itemListElement\":[{\"@type\":\"ListItem\",\"position\":1,\"name\":\"Accueil\",\"item\":\"https:\/\/cafedelespace.com\/\"},{\"@type\":\"ListItem\",\"position\":2,\"name\":\"Pro\/Asso\",\"item\":\"https:\/\/cafedelespace.com\/index.php\/pro-asso\/\"},{\"@type\":\"ListItem\",\"position\":3,\"name\":\"Aide \u00e0 la vie associative\"}]},{\"@type\":\"WebSite\",\"@id\":\"https:\/\/cafedelespace.com\/#website\",\"url\":\"https:\/\/cafedelespace.com\/\",\"name\":\"Le Caf\u00e9 de l Espace - Espace Associatif Alain Fauriaux\",\"description\":\"Espace Associatif Alain Fauriaux\",\"publisher\":{\"@id\":\"https:\/\/cafedelespace.com\/#organization\"},\"potentialAction\":[{\"@type\":\"SearchAction\",\"target\":{\"@type\":\"EntryPoint\",\"urlTemplate\":\"https:\/\/cafedelespace.com\/?s={search_term_string}\"},\"query-input\":{\"@type\":\"PropertyValueSpecification\",\"valueRequired\":true,\"valueName\":\"search_term_string\"}}],\"inLanguage\":\"fr-FR\"},{\"@type\":\"Organization\",\"@id\":\"https:\/\/cafedelespace.com\/#organization\",\"name\":\"Caf\u00e9 de l'Espace\",\"url\":\"https:\/\/cafedelespace.com\/\",\"logo\":{\"@type\":\"ImageObject\",\"inLanguage\":\"fr-FR\",\"@id\":\"https:\/\/cafedelespace.com\/#\/schema\/logo\/image\/\",\"url\":\"https:\/\/cafedelespace.com\/wp-content\/uploads\/2020\/04\/logo-peinture.png\",\"contentUrl\":\"https:\/\/cafedelespace.com\/wp-content\/uploads\/2020\/04\/logo-peinture.png\",\"width\":500,\"height\":500,\"caption\":\"Caf\u00e9 de l'Espace\"},\"image\":{\"@id\":\"https:\/\/cafedelespace.com\/#\/schema\/logo\/image\/\"},\"sameAs\":[\"https:\/\/www.facebook.com\/Cafe.de.lEspace\/\"]}]}<\/script>\n<!-- \/ Yoast SEO plugin. -->","yoast_head_json":{"title":"Aide \u00e0 la vie associative &#8212; Le Caf\u00e9 de l&#039;Espace","robots":{"index":"index","follow":"follow","max-snippet":"max-snippet:-1","max-image-preview":"max-image-preview:large","max-video-preview":"max-video-preview:-1"},"canonical":"https:\/\/cafedelespace.com\/index.php\/pro-asso\/aide-a-la-vie-associative\/","og_locale":"fr_FR","og_type":"article","og_title":"Aide \u00e0 la vie associative &#8212; Le Caf\u00e9 de l&#039;Espace","og_description":"Apr\u00e8s 10 ann\u00e9es d\u2019existence et de constant d\u00e9veloppement, l\u2019EAAF est \u00e0 m\u00eame de vous aider dans la cr\u00e9ation et la gestion de vos associations\u00a0: statuts, gouvernance, salariat, partenariats, comptabilit\u00e9 associative, subventions, etc. \u00a0 Nous pouvons \u00e9galement venir en soutien pour l\u2019organisation de vos \u00e9v\u00e8nements. Fort de plus de 100 animations par an depuis 3 ans, &hellip;","og_url":"https:\/\/cafedelespace.com\/index.php\/pro-asso\/aide-a-la-vie-associative\/","og_site_name":"Le Caf\u00e9 de l&#039;Espace","article_publisher":"https:\/\/www.facebook.com\/Cafe.de.lEspace\/","article_modified_time":"2020-09-10T09:17:35+00:00","twitter_card":"summary_large_image","twitter_misc":{"Dur\u00e9e de lecture estim\u00e9e":"1 minute"},"schema":{"@context":"https:\/\/schema.org","@graph":[{"@type":"WebPage","@id":"https:\/\/cafedelespace.com\/index.php\/pro-asso\/aide-a-la-vie-associative\/","url":"https:\/\/cafedelespace.com\/index.php\/pro-asso\/aide-a-la-vie-associative\/","name":"Aide \u00e0 la vie associative &#8212; Le Caf\u00e9 de l&#039;Espace","isPartOf":{"@id":"https:\/\/cafedelespace.com\/#website"},"datePublished":"2020-04-14T07:50:52+00:00","dateModified":"2020-09-10T09:17:35+00:00","breadcrumb":{"@id":"https:\/\/cafedelespace.com\/index.php\/pro-asso\/aide-a-la-vie-associative\/#breadcrumb"},"inLanguage":"fr-FR","potentialAction":[{"@type":"ReadAction","target":["https:\/\/cafedelespace.com\/index.php\/pro-asso\/aide-a-la-vie-associative\/"]}]},{"@type":"BreadcrumbList","@id":"https:\/\/cafedelespace.com\/index.php\/pro-asso\/aide-a-la-vie-associative\/#breadcrumb","itemListElement":[{"@type":"ListItem","position":1,"name":"Accueil","item":"https:\/\/cafedelespace.com\/"},{"@type":"ListItem","position":2,"name":"Pro\/Asso","item":"https:\/\/cafedelespace.com\/index.php\/pro-asso\/"},{"@type":"ListItem","position":3,"name":"Aide \u00e0 la vie associative"}]},{"@type":"WebSite","@id":"https:\/\/cafedelespace.com\/#website","url":"https:\/\/cafedelespace.com\/","name":"Le Caf\u00e9 de l Espace - Espace Associatif Alain Fauriaux","description":"Espace Associatif Alain Fauriaux","publisher":{"@id":"https:\/\/cafedelespace.com\/#organization"},"potentialAction":[{"@type":"SearchAction","target":{"@type":"EntryPoint","urlTemplate":"https:\/\/cafedelespace.com\/?s={search_term_string}"},"query-input":{"@type":"PropertyValueSpecification","valueRequired":true,"valueName":"search_term_string"}}],"inLanguage":"fr-FR"},{"@type":"Organization","@id":"https:\/\/cafedelespace.com\/#organization","name":"Caf\u00e9 de l'Espace","url":"https:\/\/cafedelespace.com\/","logo":{"@type":"ImageObject","inLanguage":"fr-FR","@id":"https:\/\/cafedelespace.com\/#\/schema\/logo\/image\/","url":"https:\/\/cafedelespace.com\/wp-content\/uploads\/2020\/04\/logo-peinture.png","contentUrl":"https:\/\/cafedelespace.com\/wp-content\/uploads\/2020\/04\/logo-peinture.png","width":500,"height":500,"caption":"Caf\u00e9 de l'Espace"},"image":{"@id":"https:\/\/cafedelespace.com\/#\/schema\/logo\/image\/"},"sameAs":["https:\/\/www.facebook.com\/Cafe.de.lEspace\/"]}]}},"_links":{"self":[{"href":"https:\/\/cafedelespace.com\/index.php\/wp-json\/wp\/v2\/pages\/108","targetHints":{"allow":["GET"]}}],"collection":[{"href":"https:\/\/cafedelespace.com\/index.php\/wp-json\/wp\/v2\/pages"}],"about":[{"href":"https:\/\/cafedelespace.com\/index.php\/wp-json\/wp\/v2\/types\/page"}],"author":[{"embeddable":true,"href":"https:\/\/cafedelespace.com\/index.php\/wp-json\/wp\/v2\/users\/2"}],"replies":[{"embeddable":true,"href":"https:\/\/cafedelespace.com\/index.php\/wp-json\/wp\/v2\/comments?post=108"}],"version-history":[{"count":2,"href":"https:\/\/cafedelespace.com\/index.php\/wp-json\/wp\/v2\/pages\/108\/revisions"}],"predecessor-version":[{"id":456,"href":"https:\/\/cafedelespace.com\/index.php\/wp-json\/wp\/v2\/pages\/108\/revisions\/456"}],"up":[{"embeddable":true,"href":"https:\/\/cafedelespace.com\/index.php\/wp-json\/wp\/v2\/pages\/112"}],"wp:attachment":[{"href":"https:\/\/cafedelespace.com\/index.php\/wp-json\/wp\/v2\/media?parent=108"}],"curies":[{"name":"wp","href":"https:\/\/api.w.org\/{rel}","templated":true}]}}

Aide à la vie associative

<div data-elementor-type="wp-page" data-elementor-id="108" class="elementor elementor-108">
						<section class="elementor-section elementor-top-section elementor-element elementor-element-6a0d142 elementor-section-boxed elementor-section-height-default elementor-section-height-default" data-id="6a0d142" data-element_type="section" data-e-type="section">
						<div class="elementor-container elementor-column-gap-default">
					<div class="elementor-column elementor-col-100 elementor-top-column elementor-element elementor-element-167029c" data-id="167029c" data-element_type="column" data-e-type="column">
			<div class="elementor-widget-wrap elementor-element-populated">
						<div class="elementor-element elementor-element-85658ca elementor-widget elementor-widget-text-editor" data-id="85658ca" data-element_type="widget" data-e-type="widget" data-widget_type="text-editor.default">
				<div class="elementor-widget-container">
									<p align="justify">Après 10 années d’existence et de constant développement, l’EAAF est à même de vous aider dans la création et la gestion de vos associations : statuts, gouvernance, salariat, partenariats, comptabilité associative, subventions, etc.</p><p> </p><p align="justify">Nous pouvons également venir en soutien pour l’organisation de vos évènements. Fort de plus de 100 animations par an depuis 3 ans, le Café de l’Espace propose son expertise sur l’organisation d’évènements, principalement autour des musiques actuelles : de la recherche de musiciens à la technique de scène en passant par les points juridiques et financiers.<br /><span style="text-decoration: underline;">Prestation technique et location de matériel possible.</span></p><p style="text-align: center;" align="justify">Pour toute demande, n’hésitez pas à contacter notre équipe, nous nous ferons un plaisir de répondre au mieux à vos besoins.</p>								</div>
				</div>
				<div class="elementor-element elementor-element-21ca1ca elementor-button-warning elementor-align-center elementor-widget elementor-widget-button" data-id="21ca1ca" data-element_type="widget" data-e-type="widget" data-widget_type="button.default">
				<div class="elementor-widget-container">
									<div class="elementor-button-wrapper">
					<a class="elementor-button elementor-button-link elementor-size-xl" href="http://eaaf@orange.fr">
						<span class="elementor-button-content-wrapper">
									<span class="elementor-button-text">Cliquez ici pour contacter notre équipe.</span>
					</span>
					</a>
				</div>
								</div>
				</div>
					</div>
		</div>
					</div>
		</section>
				</div>

<p>Après 10 années d’existence et de constant développement, l’EAAF est à même de vous aider dans la création et la gestion de vos associations : statuts, gouvernance, salariat, partenariats, comptabilité associative, subventions, etc.   Nous pouvons également venir en soutien pour l’organisation de vos évènements. Fort de plus de 100 animations par an depuis 3 ans, &hellip; </p>

<!-- This site is optimized with the Yoast SEO plugin v27.2 - https://yoast.com/product/yoast-seo-wordpress/ -->
<title>Aide à la vie associative &#8212; Le Café de l&#039;Espace</title>
<meta name="robots" content="index, follow, max-snippet:-1, max-image-preview:large, max-video-preview:-1" />
<link rel="canonical" href="https://cafedelespace.com/index.php/pro-asso/aide-a-la-vie-associative/" />
<meta property="og:locale" content="fr_FR" />
<meta property="og:type" content="article" />
<meta property="og:title" content="Aide à la vie associative &#8212; Le Café de l&#039;Espace" />
<meta property="og:description" content="Après 10 années d’existence et de constant développement, l’EAAF est à même de vous aider dans la création et la gestion de vos associations : statuts, gouvernance, salariat, partenariats, comptabilité associative, subventions, etc.   Nous pouvons également venir en soutien pour l’organisation de vos évènements. Fort de plus de 100 animations par an depuis 3 ans, &hellip;" />
<meta property="og:url" content="https://cafedelespace.com/index.php/pro-asso/aide-a-la-vie-associative/" />
<meta property="og:site_name" content="Le Café de l&#039;Espace" />
<meta property="article:publisher" content="https://www.facebook.com/Cafe.de.lEspace/" />
<meta property="article:modified_time" content="2020-09-10T09:17:35+00:00" />
<meta name="twitter:card" content="summary_large_image" />
<meta name="twitter:label1" content="Durée de lecture estimée" />
	<meta name="twitter:data1" content="1 minute" />
<script type="application/ld+json" class="yoast-schema-graph">{"@context":"https://schema.org","@graph":[{"@type":"WebPage","@id":"https://cafedelespace.com/index.php/pro-asso/aide-a-la-vie-associative/","url":"https://cafedelespace.com/index.php/pro-asso/aide-a-la-vie-associative/","name":"Aide à la vie associative &#8212; Le Café de l&#039;Espace","isPartOf":{"@id":"https://cafedelespace.com/#website"},"datePublished":"2020-04-14T07:50:52+00:00","dateModified":"2020-09-10T09:17:35+00:00","breadcrumb":{"@id":"https://cafedelespace.com/index.php/pro-asso/aide-a-la-vie-associative/#breadcrumb"},"inLanguage":"fr-FR","potentialAction":[{"@type":"ReadAction","target":["https://cafedelespace.com/index.php/pro-asso/aide-a-la-vie-associative/"]}]},{"@type":"BreadcrumbList","@id":"https://cafedelespace.com/index.php/pro-asso/aide-a-la-vie-associative/#breadcrumb","itemListElement":[{"@type":"ListItem","position":1,"name":"Accueil","item":"https://cafedelespace.com/"},{"@type":"ListItem","position":2,"name":"Pro/Asso","item":"https://cafedelespace.com/index.php/pro-asso/"},{"@type":"ListItem","position":3,"name":"Aide à la vie associative"}]},{"@type":"WebSite","@id":"https://cafedelespace.com/#website","url":"https://cafedelespace.com/","name":"Le Café de l Espace - Espace Associatif Alain Fauriaux","description":"Espace Associatif Alain Fauriaux","publisher":{"@id":"https://cafedelespace.com/#organization"},"potentialAction":[{"@type":"SearchAction","target":{"@type":"EntryPoint","urlTemplate":"https://cafedelespace.com/?s={search_term_string}"},"query-input":{"@type":"PropertyValueSpecification","valueRequired":true,"valueName":"search_term_string"}}],"inLanguage":"fr-FR"},{"@type":"Organization","@id":"https://cafedelespace.com/#organization","name":"Café de l'Espace","url":"https://cafedelespace.com/","logo":{"@type":"ImageObject","inLanguage":"fr-FR","@id":"https://cafedelespace.com/#/schema/logo/image/","url":"https://cafedelespace.com/wp-content/uploads/2020/04/logo-peinture.png","contentUrl":"https://cafedelespace.com/wp-content/uploads/2020/04/logo-peinture.png","width":500,"height":500,"caption":"Café de l'Espace"},"image":{"@id":"https://cafedelespace.com/#/schema/logo/image/"},"sameAs":["https://www.facebook.com/Cafe.de.lEspace/"]}]}</script>
<!-- / Yoast SEO plugin. -->

Aide à la vie associative &#8212; Le Café de l&#039;Espace

Après 10 années d’existence et de constant développement, l’EAAF est à même de vous aider dans la création et la gestion de vos associations : statuts, gouvernance, salariat, partenariats, comptabilité associative, subventions, etc.   Nous pouvons également venir en soutien pour l’organisation de vos évènements. Fort de plus de 100 animations par an depuis 3 ans, &hellip;

Le Café de l&#039;Espace

Le Café de l Espace - Espace Associatif Alain Fauriaux

Café de l'Espace
