{"version":"1.0","provider_name":"Le Caf\u00e9 de l&#039;Espace","provider_url":"https:\/\/cafedelespace.com","author_name":"animation","author_url":"https:\/\/cafedelespace.com\/index.php\/author\/animation\/","title":"Mystically - Vendredi 1er novembre 2024 - 21h &#8212; Le Caf\u00e9 de l&#039;Espace","type":"rich","width":600,"height":338,"html":"<blockquote class=\"wp-embedded-content\" data-secret=\"WOe2zMUD03\"><a href=\"https:\/\/cafedelespace.com\/index.php\/2024\/10\/26\/mystically-vendredi-1er-novembre-2024-21h\/\">Mystically &#8211; Vendredi 1er novembre 2024 &#8211; 21h<\/a><\/blockquote><iframe sandbox=\"allow-scripts\" security=\"restricted\" src=\"https:\/\/cafedelespace.com\/index.php\/2024\/10\/26\/mystically-vendredi-1er-novembre-2024-21h\/embed\/#?secret=WOe2zMUD03\" width=\"600\" height=\"338\" title=\"\u00ab\u00a0Mystically &#8211; Vendredi 1er novembre 2024 &#8211; 21h\u00a0\u00bb &#8212; Le Caf\u00e9 de l&#039;Espace\" data-secret=\"WOe2zMUD03\" frameborder=\"0\" marginwidth=\"0\" marginheight=\"0\" scrolling=\"no\" class=\"wp-embedded-content\"><\/iframe><script type=\"text\/javascript\">\n\/* <![CDATA[ *\/\n\/*! This file is auto-generated *\/\n!function(d,l){\"use strict\";l.querySelector&&d.addEventListener&&\"undefined\"!=typeof URL&&(d.wp=d.wp||{},d.wp.receiveEmbedMessage||(d.wp.receiveEmbedMessage=function(e){var t=e.data;if((t||t.secret||t.message||t.value)&&!\/[^a-zA-Z0-9]\/.test(t.secret)){for(var s,r,n,a=l.querySelectorAll('iframe[data-secret=\"'+t.secret+'\"]'),o=l.querySelectorAll('blockquote[data-secret=\"'+t.secret+'\"]'),c=new RegExp(\"^https?:$\",\"i\"),i=0;i<o.length;i++)o[i].style.display=\"none\";for(i=0;i<a.length;i++)s=a[i],e.source===s.contentWindow&&(s.removeAttribute(\"style\"),\"height\"===t.message?(1e3<(r=parseInt(t.value,10))?r=1e3:~~r<200&&(r=200),s.height=r):\"link\"===t.message&&(r=new URL(s.getAttribute(\"src\")),n=new URL(t.value),c.test(n.protocol))&&n.host===r.host&&l.activeElement===s&&(d.top.location.href=t.value))}},d.addEventListener(\"message\",d.wp.receiveEmbedMessage,!1),l.addEventListener(\"DOMContentLoaded\",function(){for(var e,t,s=l.querySelectorAll(\"iframe.wp-embedded-content\"),r=0;r<s.length;r++)(t=(e=s[r]).getAttribute(\"data-secret\"))||(t=Math.random().toString(36).substring(2,12),e.src+=\"#?secret=\"+t,e.setAttribute(\"data-secret\",t)),e.contentWindow.postMessage({message:\"ready\",secret:t},\"*\")},!1)))}(window,document);\n\/\/# sourceURL=https:\/\/cafedelespace.com\/wp-includes\/js\/wp-embed.min.js\n\/* ]]> *\/\n<\/script>\n","thumbnail_url":"https:\/\/cafedelespace.com\/wp-content\/uploads\/2024\/10\/affiche-concert8-1.jpg","thumbnail_width":1587,"thumbnail_height":2245,"description":"SAVE LA DATE !! \ud83e\udd29\ud83d\ude0e C'est LE concert \u00e9v\u00e9nement de REGGAE \u00e0 l'Espace !! Et c'est vendredi prochain !! Ca va groover !!Alors viens prendre ta dose de soleil avec les Mystically VENDREDI 1ER NOVEMBRE \u2600\ufe0f\ud83c\udf08MYSTICALLY c\u2019est deux voix, deux empreintes pour une seule et m\u00eame vibration... L\u2019essence m\u00eame de leur musique : des harmonies vocales f\u00e9minines au service d'un Reggae Roots aux sonorit\u00e9s afro-carib\u00e9ennes m\u00eal\u00e9es de Soul et d'influences World. MYSTICALLY, c\u2019est \u00e9galement une exp\u00e9rience sc\u00e9nique forte, une \u00e9nergie contagieuse port\u00e9e par des musiciens aux influences afro-jazz qui apportent chacun une touche d\u2019authenticit\u00e9 et de chaleur, faisant de chaque concert un moment de partage intense... d\u00e9finitivement soul reggae ! - ouverture du bar d\u00e8s 18h - concert 21h - PRIX LIBRE - petite restauration sur place -"}

Le Café de l&#039;Espace

Mystically - Vendredi 1er novembre 2024 - 21h &#8212; Le Café de l&#039;Espace

<blockquote class="wp-embedded-content" data-secret="WOe2zMUD03"><a href="https://cafedelespace.com/index.php/2024/10/26/mystically-vendredi-1er-novembre-2024-21h/">Mystically &#8211; Vendredi 1er novembre 2024 &#8211; 21h</a></blockquote><iframe sandbox="allow-scripts" security="restricted" src="https://cafedelespace.com/index.php/2024/10/26/mystically-vendredi-1er-novembre-2024-21h/embed/#?secret=WOe2zMUD03" width="600" height="338" title="« Mystically &#8211; Vendredi 1er novembre 2024 &#8211; 21h » &#8212; Le Café de l&#039;Espace" data-secret="WOe2zMUD03" frameborder="0" marginwidth="0" marginheight="0" scrolling="no" class="wp-embedded-content"></iframe><script type="text/javascript">
/* <![CDATA[ */
/*! This file is auto-generated */
!function(d,l){"use strict";l.querySelector&&d.addEventListener&&"undefined"!=typeof URL&&(d.wp=d.wp||{},d.wp.receiveEmbedMessage||(d.wp.receiveEmbedMessage=function(e){var t=e.data;if((t||t.secret||t.message||t.value)&&!/[^a-zA-Z0-9]/.test(t.secret)){for(var s,r,n,a=l.querySelectorAll('iframe[data-secret="'+t.secret+'"]'),o=l.querySelectorAll('blockquote[data-secret="'+t.secret+'"]'),c=new RegExp("^https?:$","i"),i=0;i<o.length;i++)o[i].style.display="none";for(i=0;i<a.length;i++)s=a[i],e.source===s.contentWindow&&(s.removeAttribute("style"),"height"===t.message?(1e3<(r=parseInt(t.value,10))?r=1e3:~~r<200&&(r=200),s.height=r):"link"===t.message&&(r=new URL(s.getAttribute("src")),n=new URL(t.value),c.test(n.protocol))&&n.host===r.host&&l.activeElement===s&&(d.top.location.href=t.value))}},d.addEventListener("message",d.wp.receiveEmbedMessage,!1),l.addEventListener("DOMContentLoaded",function(){for(var e,t,s=l.querySelectorAll("iframe.wp-embedded-content"),r=0;r<s.length;r++)(t=(e=s[r]).getAttribute("data-secret"))||(t=Math.random().toString(36).substring(2,12),e.src+="#?secret="+t,e.setAttribute("data-secret",t)),e.contentWindow.postMessage({message:"ready",secret:t},"*")},!1)))}(window,document);
//# sourceURL=https://cafedelespace.com/wp-includes/js/wp-embed.min.js
/* ]]> */
</script>

SAVE LA DATE !! 🤩😎 C'est LE concert événement de REGGAE à l'Espace !! Et c'est vendredi prochain !! Ca va groover !!Alors viens prendre ta dose de soleil avec les Mystically VENDREDI 1ER NOVEMBRE ☀️🌈MYSTICALLY c’est deux voix, deux empreintes pour une seule et même vibration... L’essence même de leur musique : des harmonies vocales féminines au service d'un Reggae Roots aux sonorités afro-caribéennes mêlées de Soul et d'influences World. MYSTICALLY, c’est également une expérience scénique forte, une énergie contagieuse portée par des musiciens aux influences afro-jazz qui apportent chacun une touche d’authenticité et de chaleur, faisant de chaque concert un moment de partage intense... définitivement soul reggae ! - ouverture du bar dès 18h - concert 21h - PRIX LIBRE - petite restauration sur place -
